divided by 21?
19
Suppose -490 = -3*u + o, 304 = -42*u + 44*u + 5*o. Calculate the remainder when u is divided by 104.
58
Let j be (-30)/9*60/(-50). Suppose m = 2*t + 11, t - j*m = -4*t - 35. Calculate the remainder when 50 is divided by (t + -1)/((-40)/190).
12
Suppose 4*u - 935 = -5*x + u, 4*x - 5*u = 711. Calculate the remainder when x is divided by (-4)/18 + 115630/6714.
14
Let y(f) = 9*f - 22. Let c be y(8). Let h = c - 45. Suppose 3*m - 2*m - 36 = -5*t, 0 = 4*t - 4. Calculate the remainder when m is divided by h.
1
Suppose 4*g = 2*g - 2*d - 22, 3*g - 2*d = -13. Let t(q) = q**2 + 4*q + 1. Let c(l) = -l**2 - 25*l - 16. What is the remainder when c(-20) is divided by t(g)?
18
Let f = 13776 - 13698. What is the remainder when 297 is divided by f?
63
Let t(v) = -v**3 + 7*v**2 - 4*v + 12. Let f be t(6). Let s(p) = -f*p - 1 + 22*p + 0. Calculate the remainder when s(-2) is divided by 1.
0
Let k = -409 - -413. Suppose 3*w - f - 72 = -20, 0 = -3*w + k*f + 64. What is the remainder when 302 is divided by w?
14
Let g(i) = -i**2 + 6*i + 19. Let y be g(7). Calculate the remainder when 286 is divided by y/1 - (4 - 0/9).
6
Let h = 29 + 3. Let c(j) = -96*j + 9033. What is the remainder when h is divided by c(94)?
5
Suppose 4*r = -g + 29 - 96, 0 = r - 4*g + 4. Let t = r + 51. What is the remainder when t is divided by 14/21 - (-68)/6?
11
Suppose -54 = -o - 46. Let f(k) = o - 18 + 6 + 12 - 15*k. Calculate the remainder when 157 is divided by f(-3).
51
What is the remainder when (-2 + 2 - 4)*-41 is divided by 83?
81
Let y be (-2)/(-5) + 24/(-10). Let t(u) = 10 - 10*u - 16*u + 25*u. Calculate the remainder when t(y) is divided by 4.
0
Let f(r) = 7*r**2 + 6*r + 29. What is the remainder when (-102 - 0)/(0 + 3/(-3)) is divided by f(-2)?
12
Let h = 715 - 509. Suppose 3*i + 14*z - 323 = 13*z, -2*i + 4*z = -h. What is the remainder when i is divided by 55?
52
Let q(p) = 17*p**2 - 47*p - 96. Calculate the remainder when q(-3) is divided by 55.
33
Let n(t) = -472 + 214 - 50*t + 192. Calculate the remainder when 848 is divided by n(-2).
32
Suppose n + 5*r - 42 = 0, -152 = -4*n + 7*r - 11*r. Calculate the remainder when 99 is divided by n.
25
Let s = -8212 - -8742. Calculate the remainder when s is divided by 35.
5
Let u = 150 + -87. Suppose u = -6*w + 3*w. Let f = w - -25. Calculate the remainder when 18 is divided by f.
2
Suppose -42*d + 20387 = -80*d + 92777. What is the remainder when d is divided by 58?
49
Let n = 1722 - 982. What is the remainder when n is divided by 75?
65
Suppose -5*l + 3*r + 2370 + 130 = 0, 4*l - 1973 = -3*r. Let a = -456 + l. What is the remainder when 75 is divided by a?
34
Let m(u) = 477*u - 40. Calculate the remainder when m(7) is divided by 13.
10
Let p(x) = x - 2. Let w be 7/4*4 + -3. Let c be p(w). What is the remainder when 15 - 2/(c/3) is divided by 5?
2
Let h = 532 - 203. Let q = -276 + h. Let t = -36 - -54. What is the remainder when q is divided by t?
17
Suppose 0*k - 5*k + 3 = -2*i, -5*k = 4*i - 69. Suppose -3*v - 2 = 2*s - 118, 0 = -3*s + 12. What is the remainder when v is divided by i?
3
Let z be -2*1/((-4)/22). Suppose 4*u = z + 25. Suppose m - t + 3 = 0, m + 121 - 138 = -3*t. Calculate the remainder when u is divided by m.
1
Suppose 0 = 2*f + 2*f - 12. Suppose -13*q - 3*q = -240. Suppose -109 = -6*p + p - 2*o, p = f*o + q. What is the remainder when p is divided by 7?
0
Suppose 13*l + 665 = 32*l. What is the remainder when 975 is divided by l?
30
Suppose -18 = -8*v + 3*v + 3*w, 2*w - 13 = -5*v. What is the remainder when 334 is divided by (-252)/(-24)*(-4 + 28/v)?
54
Let r(p) = -p**3 - p**2 + p. Let l = 813 + -801. Calculate the remainder when r(-5) is divided by l.
11
Suppose 2*p - h - 4*h - 116 = 0, -4*p + 260 = 4*h. Suppose 32 = 3*x - 58. Calculate the remainder when p is divided by (3 - 0/1) + x.
30
Suppose -770 = -17518*a + 17513*a. What is the remainder when 3387 is divided by a?
153
Suppose 2*c = -4*z - 54 + 140, -4*c + 148 = 2*z. Calculate the remainder when 526 is divided by c.
1
What is the remainder when 628 is divided by (-7776)/(-567)*35/3?
148
Let x = 3430 + -2551. What is the remainder when x is divided by 5?
4
Suppose 5*g = 22 + 3. Let d = 525 - 497. Suppose d*j = 33*j - 85. What is the remainder when j is divided by g?
2
Suppose -29*i - 2*t + 12 = -27*i, -3*i - t + 8 = 0. Calculate the remainder when 14 is divided by i.
0
Let v(s) = -136*s + 211. Let w be v(11). Let z = 1294 + w. Calculate the remainder when (-71)/(1 - 2) - 2 is divided by z.
6
Suppose 168*n = -184*n + 391*n - 3159. Calculate the remainder when 658 is divided by n.
10
Suppose 3*l + 2*b - 49 = 0, 25*l + 2*b - 34 = 23*l. Let j = 1 - -43. Calculate the remainder when j is divided by l.
14
Suppose -29 = 4*i + 3. Let r = i + 21. Calculate the remainder when 29 is divided by ((-51)/(-12))/(r/4 + -3).
12
Let m = -260 - -435. Let d be (-31)/(-155) + -1*2/10. Suppose d = -11*u + 4*u + m. Calculate the remainder when u is divided by 13.
12
Calculate the remainder when -6 - (-15 + -8 + 11) - -2134 is divided by 8.
4
Let a = 5 + -2. Suppose 4*g + 760 = -a*v, -2*v - 400 - 112 = 4*g. What is the remainder when 49 is divided by v/(-18) + 4/18?
7
Suppose 2*a = -2*v - 13 + 61, -2*v + 60 = 5*a. Suppose -v*n + 12*n = -144. Suppose n = j - 11. Calculate the remainder when 112 is divided by j.
25
Let a be 6*((-5)/7 + 12/(-42)). Calculate the remainder when (-2)/a - (-150)/9 is divided by 15.
2
Let m(l) = 4 - 44 - 21*l**2 + 58*l + 2*l**3 - 26*l. What is the remainder when m(12) is divided by 41?
38
Let t = -24 - -56. Suppose 0 = 2821*y - 2837*y + 1472. Calculate the remainder when y is divided by t.
28
Suppose -26*y - 29*y + 31*y + 1032 = 0. Calculate the remainder when 816 is divided by y.
42
Let f = -20 + 25. Calculate the remainder when (-36)/8 + f - (-615)/6 is divided by 3/(-7) + (-1480)/(-56).
25
Let x = 867 - 787. Let r(q) = 2*q**2 - 3*q - 6. Calculate the remainder when r(-5) is divided by 1630/x + (-3)/8.
19
Let v(p) = -401*p - 471. What is the remainder when v(-2) is divided by 28?
23
Calculate the remainder when 1745 is divided by (33728/93)/16*(-2 - (-34)/8).
11
Let g = 84 - 57. Let i(k) = -41*k + 963. What is the remainder when i(22) is divided by g?
7
Let i(b) = 2*b**2 + 29*b + 69. What is the remainder when 113 is divided by i(-13)?
23
Let o be -8 + ((-8)/20 - (-24)/(-15)). What is the remainder when 111 is divided by 46 - (-3 - (o + 1))?
31
Let p(a) = -4 - 4 + 39*a + 2*a - 47*a. Let f be -5 + 1*0/1. What is the remainder when p(f) is divided by 7?
1
Suppose -58 = -4*b - 234. Calculate the remainder when 11/(b/24) + 423 is divided by 70.
67
Suppose -5*u + 56 = 4*s - 87, 4*s = -3*u + 145. What is the remainder when 84 is divided by s?
10
Calculate the remainder when ((-1590)/45)/(6/1998*-3) is divided by 12.
10
What is the remainder when 842 is divided by 20 - (-15 + -8 + 28)?
2
Suppose 18 = 5*f - 2*q, 6*f - f - 21 = -q. Suppose -2*p = -p - f. Suppose 5*m = -2*z - 14, -2 - 5 = 3*z + p*m. Calculate the remainder when z is divided by 3.
0
Let m = -157 + 257. Let y = m + 32. Calculate the remainder when y is divided by 45.
42
What is the remainder when 5/2*3/10 + 67273/4 is divided by 116?
115
Let u = 296 - 178. Let b = 200 - u. What is the remainder when b is divided by 49?
33
Suppose 0*r + 415 = 4*r + 335. Calculate the remainder when 417 is divided by r.
17
Suppose 0 = 110*d - 108*d. Suppose 3*p + 53 = w, 252 = 4*w - d*p - 2*p. Calculate the remainder when w is divided by 14.
9
Let o = -1541 - -1633. Calculate the remainder when o is divided by (-26)/(-3 - (-3)/3) + 4.
7
Let b(h) = 2*h + 4. Let t be b(-5). Let q(w) = 9*w - 11. Let u(y) = -5*y + 6. Let r(v) = t*q(v) - 11*u(v). What is the remainder when 18 is divided by r(10)?
8
Let y(o) = o**3 - 11*o**2 - 12*o + 4. Let u be y(12). Suppose 0 = -8*w + 10*w + 10, -u*s + 5 = 3*w. What is the remainder when 16 is divided by s?
1
Let q(i) be the second derivative of -31*i**3/6 - 61*i**2/2 - 21*i. What is the remainder when q(-3) is divided by 17?
15
Let r(w) = -w**3 + 7*w**2 - 2*w + 1. Let y be r(7). Let f(s) = -s**3 - 12*s**2 + 18*s + 81. Calculate the remainder when f(y) is divided by 8.
0
Suppose -146*j - 918 = -180*j. Calculate the remainder when 532 is divided by j.
19
Let j(v) = 2*v**2 - 4*v 